1777. Determine h(-95).
383
Let a(q) = 17*q**2 + 3234*q + 777. Calculate a(-190).
17
Let d(i) = -13490867*i - 94436063. Determine d(-7).
6
Let z(g) = -9*g**2 + 4274*g + 1160119. Give z(-193).
-4
Let q(p) = -86*p**2 - 1393*p + 23. Give q(-16).
295
Let m(p) = 5729*p - 57441. Give m(10).
-151
Let m(p) = -39*p**2 + 4520*p - 433. Calculate m(116).
-897
Let n(v) = -126*v**3 + 502*v**2 - 39*v + 174. Determine n(4).
-14
Let l(x) = -12*x**2 + 1760*x + 82441. Give l(184).
9
Let q(p) = -1577*p - 20536. Give q(-13).
-35
Let x(g) = 8447*g + 4181281. What is x(-495)?
16
Let f(x) = 3*x**3 + 297*x**2 - 2937*x + 177. Determine f(-108).
2445
Let z(s) = 31*s**3 + 1312*s**2 + 3658*s + 6. Calculate z(-3).
3
Let b(l) = -391*l**2 + 3038*l + 9125. What is b(-3)?
-3508
Let o(s) = -250*s - 23283. Give o(-94).
217
Let p(d) = -d**3 - 87*d**2 + 206*d + 2545. Calculate p(-89).
53
Let h(l) = -249*l + 42761. Give h(166).
1427
Let t(n) = -n**2 + 14*n + 99. Determine t(41).
-1008
Let j(m) = 2145963*m + 12875785. What is j(-6)?
7
Let n(q) = 35*q**3 - 190*q**2 + 32*q - 42. Give n(5).
-257
Let g(z) = z**2 - 141*z + 1949. What is g(16)?
-51
Let p(q) = -1081938*q - 6491633. What is p(-6)?
-5
Let r(u) = -11*u**2 - 281*u - 352. Determine r(-24).
56
Let i(p) = 4397*p**2 - 26331*p - 353. Calculate i(6).
-47
Let j(w) = 3*w**3 + 20*w**2 + 30*w + 6. What is j(-6)?
-102
Let t(h) = h**2 - 4*h - 1206. Calculate t(0).
-1206
Let w(l) = 8*l**3 - 7*l**2 - 123*l + 972. Calculate w(8).
3636
Let u(q) = -156116*q - 2185742. Determine u(-14).
-118
Let a(p) = 3*p**2 + 98*p + 1592. Give a(-20).
832
Let c(p) = 3*p**3 - 195*p**2 - p + 10. Give c(65).
-55
Let t(w) = w**3 - 16*w**2 - 2163*w + 11091. Give t(5).
1
Let a(d) = 70*d**2 - 12255*d + 25078. Give a(173).
-7
Let n(t) = -154*t**2 - 2187*t - 440. Give n(-14).
-6
Let o(k) = -25*k**2 - 440*k + 110. Give o(-18).
-70
Let f(q) = 177784*q - 1. Give f(0).
-1
Let y(l) = -l**3 - 77*l**2 - 1433*l + 1975. Calculate y(-39).
64
Let j(u) = -23*u**2 + 318*u - 764. Calculate j(13).
-517
Let y(j) = -16*j**2 + 3344*j + 24134. Determine y(216).
-58
Let b(k) = k**3 - 59*k**2 - 1275*k + 17649. Calculate b(10).
-1
Let s(r) = -4*r**3 - 186*r**2 - 82*r + 71. Determine s(-46).
-389
Let n(o) = 4*o**3 - 92*o**2 - 10*o + 272. What is n(23)?
42
Let s(d) = -d**3 - 52*d**2 - 92*d - 204. Give s(-50).
-604
Let g(l) = -l**3 - 21*l**2 - 54*l - 23. What is g(-17)?
-261
Let s(v) = -v**3 + 15*v**2 + 8*v + 112. Give s(8).
624
Let y(n) = -3835*n**2 + 26842*n + 24. Give y(7).
3
Let z(l) = -179*l**2 + 1103*l - 183. Calculate z(6).
-9
Let y(i) = 1027*i**2 + 4091*i - 74. Give y(-4).
-6
Let z(l) = -6595*l + 6564. Determine z(1).
-31
Let k(l) = -l**2 - 3644*l - 1673598. Determine k(-539).
-3
Let k(a) = 9*a**2 - 2035*a - 12550. Calculate k(-6).
-16
Let x(g) = 3*g**2 - 479*g - 44706. Give x(-66).
-24
Let u(z) = 8*z**3 - 513*z**2 + 61*z + 198. Calculate u(64).
6
Let c(t) = 134257*t + 805520. What is c(-6)?
-22
Let p(d) = -1957*d + 44956. Determine p(23).
-55
Let d(h) = 8925*h**2 + 71397*h - 37. Give d(-8).
-13
Let q(i) = -2*i**3 - 12*i**2 + 130*i - 84. What is q(7)?
-448
Let w(k) = 3*k**2 - 6168*k + 85764. Calculate w(14).
0
Let y(w) = -2*w**3 + 19*w**2 - 437*w + 1963. Give y(5).
3
Let o(b) = b**3 + 362*b**2 - 316*b - 114395. Determine o(-362).
-3
Let b(l) = 8*l**2 - 188*l + 22. Calculate b(25).
322
Let q(u) = -6829*u - 669243. Calculate q(-98).
-1
Let x(g) = g**3 + 147*g**2 - 137*g + 1438. What is x(-148)?
-190
Let k(q) = -q**3 + 66*q**2 - 604*q - 594. What is k(55)?
-539
Let u(n) = 2*n**3 + 6*n**2 + 14*n - 1374. Calculate u(0).
-1374
Let b(f) = 1812*f + 5447. What is b(-3)?
11
Let m(o) = -424*o + 2276. Determine m(5).
156
Let s(r) = r**3 - 131*r**2 - 3563*r + 3299. Give s(154).
65
Let b(c) = c**2 + 204*c - 5644. What is b(25)?
81
Let p(q) = 7*q**2 - 249*q - 21514. Give p(76).
-6
Let l(j) = 1465*j**2 + 8733*j - 37. Give l(-6).
305
Let k(s) = 4*s**3 - 262*s**2 - 1792*s + 37253. Give k(70).
13
Let s(b) = b**2 + 82*b - 3057. What is s(28)?
23
Let a(s) = -5272*s + 73774. Give a(14).
-34
Let s(d) = -2*d**3 - 884*d**2 - 6103*d - 5742. Give s(-435).
-87
Let l(a) = -a**3 - 19*a**2 + 202*a + 180. Give l(-24).
-1788
Let n(t) = -8776*t - 52579. Determine n(-6).
77
Let u(o) = -o**3 + 105*o**2 + 1535*o - 87. What is u(118)?
31
Let f(s) = -2*s**3 + 491*s**2 - 225*s - 2775. Determine f(245).
2125
Let z(w) = -585*w + 11942. Give z(20).
242
Let v(o) = 110*o - 17288. Calculate v(155).
-238
Let n(y) = y**3 + 9*y + 107. Determine n(0).
107
Let n(i) = -1514*i + 73523. Determine n(49).
-663
Let k(h) = 793353*h + 3173406. Calculate k(-4).
-6
Let f(j) = 4*j**3 - 127*j**2 + 88*j + 56. Determine f(31).
-99
Let d(c) = -12*c**2 - 452*c - 1340. Give d(-34).
156
Let m(g) = -692*g - 314946. Calculate m(-455).
-86
Let y(d) = 21396*d - 363751. What is y(17)?
-19
Let d(y) = -y**2 - 12*y + 320. Determine d(-24).
32
Let b(t) = -t**3 - 531*t**2 + 5958*t - 1. Calculate b(11).
-45
Let o(b) = b**3 + 2018*b**2 - 823362*b + 14203. Calculate o(-2366).
7
Let s(x) = -43*x**2 - 258*x + 389. Give s(-7).
88
Let v(b) = -351*b + 68488. Calculate v(195).
43
Let x(y) = -32353*y + 64698. Determine x(2).
-8
Let w(q) = q**2 + 76*q - 192. Give w(3).
45
Let z(f) = -16*f**3 + 8*f**2 - 85*f - 259. Determine z(-4).
1233
Let i(x) = -2*x**3 + 206*x**2 - 15*x + 2398. What is i(103)?
853
Let n(c) = c**3 - 25*c**2 - 260*c + 6897. What is n(24)?
81
Let g(c) = 3*c**3 - 25*c**2 + 81*c - 44. Determine g(3).
55
Let w(f) = 3*f**3 - 40*f**2 - 11*f + 7. Give w(13).
-305
Let l(g) = -7*g**2 + 4055*g - 28511. Determine l(7).
-469
Let j(s) = 4*s**3 + 62*s**2 - 91*s - 46. Calculate j(-17).
-233
Let p(o) = -2457*o + 135108. Give p(55).
-27
Let g(y) = -799*y - 18150. Determine g(-28).
4222
Let t(v) = 14100*v + 408894. Give t(-29).
-6
Let k(s) = -816*s**2 - 2002*s - 21. Calculate k(-3).
-1359
Let i(z) = -z**3 + 30*z**2 - 7*z + 912. Calculate i(30).
702
Let p(q) = -4*q**3 - 86*q**2 - 212*q - 1881. Calculate p(-20).
-41
Let r(i) = 4*i**3 + 5369*i**2 + 179191*i - 6551. Give r(-1308).
-11
Let w(k) = -27*k**2 - 131*k - 23. Give w(-5).
-43
Let x(y) = -145*y**3 + 1313*y**2 - 130*y + 599. Determine x(9).
77
Let k(s) = s**3 + 94*s**2 + 349*s - 776. Determine k(-90).
214
Let a(u) = u**2 + 795*u - 48125. What is a(56)?
-469
Let x(d) = -149*d**3 + 445*d**2 - 154*d + 479. Determine x(3).
-1
Let p(a) = 20*a**2 + 1540*a - 9203. Give p(6).
757
Let v(u) = -52*u**3 - 17*u**2 + 5*u + 3. Give v(-1).
33
Let g(z) = 321*z**2 + 3230*z + 200. What is g(-10)?
0
Let o(h) = 7*h**2 - 56*h - 373. Calculate o(18).
887
Let i(b) = 17*b**3 + 3*b**2 + 5*b - 10. Calculate i(0).
-10
Let l(z) = -13*z**3 + 221*z**2 + 220*z + 2. Determine l(-1).
16
Let n(p) = -145*p + 377. What is n(3)?
-58
Let c(v) = 19*v**2 + 122*v + 11. What is c(-5)?
-124
Let r(l) = -l**2 + 406*l + 24828. Determine r(-54).
-12
Let d(u) = u**3 + 87*u**2 + 1167*u + 215. What is d(-18)?
1565
Let n(u) = -2*u**3 - 434*u**2 + 1744*u - 136. Determine n(-221).
5168
Let k(r) = 23*r**2 - 8233*r + 64399. What is k(8)?
7
Let w(z) = -z**3 - 29*z**2 - 264*z - 757. Calculate w(-9).
-1
Let m(w) = 5*w**3 + 90*w**2 + 117*w + 31. Determine m(-17).
-513
Let i(w) = 3*w**2 - 1147*w + 7972. Give i(7).
90
Let h(x) = x**2 + 89*x + 837. Determine h(-57).
-987
Let a(v) = 2510*v + 333840. Determine a(-133).
10
Let s(d) = -22*d**2 - 1695*d + 1698. What is s(1)?
-19
Let d(j) = -509*j - 88557. Give d(-174).
9
Let f(a) = -a**3 + 117*a**2 - 124*a + 1966. Calculate f(116).
1038
Let o(d) = -19*d**3 - 10*d**2 + 4821*d - 14354. Give o(3).
-494
Let v(o) = 1488*o + 227670. What is v(-153)?
6
Let b(l) = -11*l**3 - 267*l**2 + 182*l - 464. Calculate b(-25).
-14
Let a(i) = 88*i + 4014. Calculate a(-52).
-562
Let y(v) = 45953*v + 367644. Calculate y(-8).
20
Let q(w) = -6*w**2 - 36*w + 206. What is q(5)?
-124
Let y(j) = j**3 + 146*j**2 + 449*j + 2738. Determine y(-143).
-122
Let z(u) = -163*u**2 + 494*u + 970. What is z(-2)?
-670
Let b(a) = -a**2 - 189*a - 7462. What is b(-50)?
-512
Let r(t) = 13*t**3 + 498*t**2 - 380*t - 1202. Calculate r(-39).
-71
Let y(d) = d**3 - 16*d**2 + 294*d - 4718. Give y(16).
-14
Let o(u) = -2*u**2 - 527*u + 25644. Calculate o(42).
-18
Let h(p) = p**2 + 271*p - 19815. Calculate h(62).
831
Let a(u) = 5*u**2 - 4304*u - 21638. Give a(-5).
7
Let v(c) = 21076*c - 